 + (-14)/4 + 3. What is the greatest common factor of d and 10?
1
Let n(q) = 580*q - 1591. Let y be n(5). What is the greatest common divisor of y and 2244?
187
Suppose -7*n = 6*n - 468. Let a be -1*(-1 - -4) + n + -3. Calculate the highest common divisor of 75 and a.
15
Let d = 94 - 105. Let n be 2/4*(1320/d)/(-4). Calculate the greatest common factor of n and 27.
3
Let n be -22 + 23905/280 - 6/16. What is the highest common divisor of n and 2709?
63
Let n = -14620 + 17613. Calculate the highest common divisor of n and 511.
73
Let n be (-2)/2*4 + 21 + -654. Let h = 941 + n. Calculate the highest common factor of h and 19.
19
Let n be ((-21)/30*4)/((-3)/165). Let r = n + -245. Let a = r - -146. Calculate the greatest common factor of a and 11.
11
Let r(d) be the second derivative of 13*d**4/3 - 5*d**3/3 + 5*d**2 + 7*d + 9. Let u be r(1). What is the greatest common divisor of 936 and u?
52
Let b = -16676 - -16860. What is the highest common divisor of 598 and b?
46
Let p be (-2132)/(-7) - (-21)/49. Let m = 742 - p. Suppose 0 = 3*j - m - 58. What is the highest common divisor of j and 15?
15
Suppose -874 = -2048*u + 2010*u. Calculate the greatest common divisor of u and 31763.
23
Let d be (8/(-10))/((-5855)/975 + 6). What is the highest common divisor of d and 507?
39
Suppose -32*u + 25*u + 735 = 0. Suppose 3*x + 4*i - 32 = 8, -5*x + i = -u. Calculate the greatest common factor of 80 and x.
20
Suppose 234*p = 238*p + 5*f - 14809, -3*f + 11109 = 3*p. What is the highest common factor of p and 136?
34
Suppose 35*i + 81*i - 489 = 3455. What is the highest common divisor of i and 16286?
34
Let r = -2952 + 3118. What is the highest common divisor of 1079 and r?
83
Let x be (-13)/(312/(-102)) + 2/(-8). Let o be -4*4/(-32)*0. Let u = 8 - o. What is the greatest common factor of x and u?
4
Let l(u) = 2*u**2 - 7*u - 1. Let i be l(5). Suppose 0 = -q - 0 - i. Let m = -8 - q. What is the greatest common divisor of 18 and m?
6
Let s(p) = p**2 - 14*p - 3. Let o be s(12). Let i = o + 44. Let c be (-102)/(-5)*(-20)/(-8). What is the greatest common divisor of i and c?
17
Let h = 69 - 32. Let o = h + -37. Suppose o = 6*z - 16*z + 440. What is the greatest common divisor of 176 and z?
44
Suppose -t = 5, 5*r - 25 = -t + 3*t. Suppose -r*u + 10*u = 1309. What is the highest common factor of 11 and u?
11
Let u be ((-3)/2)/(12/58464*-6). Let h(s) = -s**3 - 10*s**2 - 5*s - 8. Let l be h(-10). Calculate the highest common factor of l and u.
42
Let a be 11448/336 - 4/56 - 8. Calculate the highest common divisor of a and 52.
26
Suppose 2*z - l = 4, 0 = 2*z - l - l - 2. Let g(q) = q**3 + q**2 - 2*q + 7. Let x be g(z). Let a = x - 35. Calculate the greatest common factor of 14 and a.
2
Suppose 2*o - 16 = 2*x, 0 = -5*o + 3*o - 10. Let y = x + 214. What is the greatest common factor of y and 268?
67
Suppose 4*w + 3*q = -q + 152, 3*q = -5*w + 200. Calculate the highest common factor of w and 4687.
43
Suppose j - 46 = -435. Let q = -296 - j. Calculate the greatest common divisor of 31 and q.
31
Let v be ((-4)/(-3))/((-252)/(-312795)). Calculate the greatest common divisor of 5 and v.
5
Suppose 4*h = j - 200, 50 + 484 = 3*j - h. Let u = -2 - -13. Calculate the greatest common divisor of u and j.
11
Let s(m) be the second derivative of -2*m**5/5 + m**4/4 + 13*m**3/3 + 4*m**2 - 94*m. Let t be s(-4). Calculate the highest common divisor of 29 and t.
29
Let t = 498 + -516. Let g = 66 + t. Calculate the highest common divisor of 12 and g.
12
Let i be 60/24*(-112)/(-1). Suppose 12*u - 135 = -5*t + 17*u, 5*t + 5*u - 145 = 0. Calculate the highest common divisor of i and t.
28
Let s = -142 - -142. Suppose m + 3*a - 233 = s, 10*m + a = 5*m + 1235. Calculate the greatest common divisor of 31 and m.
31
Let f be (-17 + (-95)/(-5))/(6/57). Let m be 2/(-6) + 64/12. Suppose 3*l - m*l = -38. What is the greatest common factor of l and f?
19
Suppose 3*q + c - 4*c = 141, 5*q - 256 = -2*c. Suppose 5*a - 183 = 677. Suppose 0 = -7*j - 32 + a. Calculate the greatest common divisor of q and j.
10
Let r be 1516/8*(86/7 - 10/35). What is the highest common factor of r and 6?
6
Let q(b) = b**2 - 11*b - 2756. Let h be q(-49). Calculate the highest common factor of 4508 and h.
92
Suppose -51852 - 49284 = 53*r - 67*r. Calculate the highest common factor of r and 280.
56
Let a(h) = -h**3 - 12*h**2 + h + 260. Let l be a(-13). What is the greatest common divisor of l and 144?
16
Let k = 1481 - -3783. What is the highest common factor of k and 42?
14
Let u = 200 + -195. Let x(k) = -16*k + 96. Let m be x(u). Calculate the greatest common divisor of m and 72.
8
Let b(s) = -s**2 + s + 31. Let y be b(0). Suppose -189 = -2*d + x, 5*d + 203 - 662 = -2*x. What is the greatest common divisor of y and d?
31
Suppose 0 = -r - 59*k + 62*k + 115, -5*r = 2*k - 558. Calculate the highest common divisor of 720 and r.
16
Let o(f) = 10*f**2 - 4*f - 101. Let i be o(-5). What is the highest common divisor of i and 10309?
169
Let l be -9 - (-5 - 0/1). Let u(p) = -11*p - 35. Let g be u(l). Let i be 330/9 + (-6)/g. Calculate the greatest common factor of i and 4.
4
Suppose -13*h = 23*h - 7*h - 11600. Calculate the highest common divisor of h and 115.
5
Suppose -z + 8*z = -14. Let s be ((-1)/3)/(z/(-18)) - -78. Calculate the greatest common factor of s and 45.
15
Let w be 2*(-1)/(-2) + 125. Suppose -o - 10 + 12 = 0. Suppose 3*i - 5*i - 3*j + 27 = 0, o*j = -i + 12. Calculate the greatest common factor of w and i.
18
Let u(a) = -90*a - 255. Let h be u(-4). Calculate the greatest common factor of 795 and h.
15
Let l(a) = -a**2 - 9*a - 14. Let c be l(-6). Let z be (-2)/c*(12/(-2) + -4). What is the greatest common divisor of 365 and z?
5
Let l(m) = 3*m**2 + 2*m - 4. Let z be l(-5). Let u = z + -16. Suppose -h + 3*d = -171, 0 = 3*h - 7*d + 10*d - 549. What is the highest common factor of u and h?
45
Let z be (-7)/(98/4)*-7 - -4. Suppose -5*y - m + 8 = -7, -2*y + z = -2*m. Suppose 2*r = y*r - 29. What is the greatest common factor of 29 and r?
29
Let i(g) = -g**3 + 13*g**2 + 22*g + 8. Suppose 0 = -k - 2*u, 6*u = 2*k + 7*u + 6. Let p be i(k). What is the highest common factor of p and 12?
12
Let k(t) = 74*t + 6821. Let s be k(-91). What is the highest common divisor of s and 1595?
29
Let y = 583 + -192. Suppose 5*o = -y - 94. Let p = -57 - o. What is the greatest common divisor of 10 and p?
10
Let u = 5927 + -5847. What is the highest common divisor of u and 152?
8
Suppose 0 = -3*t - 4*a + 137, -2*t + 54 = 2*a - 40. What is the highest common factor of t and 72?
3
Let j = -217 + 604. Let t = -269 + j. What is the highest common factor of t and 177?
59
Let f(a) = -73*a + 116*a - 36 - 64*a. Let t be f(-12). Calculate the highest common divisor of 24 and t.
24
Let c be ((-189)/36)/((-2)/8). Let y(f) = -f**2 + 22*f - 12. Let x be y(c). Suppose -3*t + 2 = -1. What is the highest common factor of t and x?
1
Let v = -811 - -740. Let z = 841 - v. Calculate the greatest common factor of z and 48.
48
Let v(y) = 104*y**2 + 1119*y + 3365. Let o be v(-3). Calculate the greatest common factor of o and 9676.
236
Suppose -8624 = 295*v - 627*v + 244*v. Let u = -116 - -204. Let c = u - 60. What is the highest common factor of v and c?
14
Let w = -36 + 31. Let d(t) = 3*t**2 - 26*t - 95. Let s be d(w). What is the highest common divisor of s and 10?
10
Suppose -k + 3845 = 5*b, 252*b + 2*k = 257*b - 3860. Calculate the highest common divisor of b and 462.
154
Suppose -j - 9*m = -10*m - 29, 0 = -4*j - m + 111. Calculate the greatest common factor of j and 184.
4
Suppose h = 46 - 54. Let f be ((-426)/h)/(75/100). What is the greatest common factor of 355 and f?
71
Let f be 23*((-5)/(-5) + 0) - 5. Suppose f*o - 13*o = 165. What is the greatest common factor of o and 363?
33
Let g(t) = 30 + 0 - 5*t + 10*t - 3*t. Let c be g(-13). Suppose 0*y - 4*y + 3*w + 789 = 0, -788 = -4*y + c*w. Calculate the greatest common divisor of 22 and y.
22
Suppose -140 = -13*h + 17*h. Let t = -48 + 73. Let q = t - h. Calculate the greatest common divisor of 15 and q.
15
Let a(c) = -2*c**2 - 171*c - 25. Let h be a(-82). What is the highest common divisor of h and 18?
9
Suppose 5*t - d + 1379 = 0, -6*t - d - 553 = -4*t. Let a = t - -158. Let h = a + 206. Calculate the highest common 